alculate the remainder when 2756 is divided by 156.
104
What is the remainder when 23395 is divided by 25?
20
Calculate the remainder when 5240 is divided by 24.
8
Calculate the remainder when 1676 is divided by 49.
10
What is the remainder when 4379757 is divided by 630?
627
Calculate the remainder when 1485 is divided by 500.
485
Calculate the remainder when 5363 is divided by 192.
179
What is the remainder when 9370 is divided by 140?
130
Calculate the remainder when 63567 is divided by 20.
7
What is the remainder when 23735 is divided by 107?
88
Calculate the remainder when 7724 is divided by 627.
200
What is the remainder when 7373 is divided by 25?
23
Calculate the remainder when 15959 is divided by 498.
23
What is the remainder when 47847 is divided by 23923?
1
What is the remainder when 6443 is divided by 48?
11
Calculate the remainder when 35986 is divided by 5997.
4
Calculate the remainder when 980043 is divided by 9.
6
Calculate the remainder when 127596 is divided by 22.
18
What is the remainder when 22226 is divided by 51?
41
Calculate the remainder when 4474 is divided by 361.
142
Calculate the remainder when 4710 is divided by 4684.
26
Calculate the remainder when 15556 is divided by 818.
14
Calculate the remainder when 9806 is divided by 2052.
1598
Calculate the remainder when 38730 is divided by 3226.
18
Calculate the remainder when 1510 is divided by 448.
166
What is the remainder when 1509 is divided by 735?
39
What is the remainder when 39759 is divided by 497?
496
Calculate the remainder when 150234 is divided by 18779.
2
What is the remainder when 51981 is divided by 1106?
1105
Calculate the remainder when 11244 is divided by 176.
156
Calculate the remainder when 74524 is divided by 37242.
40
What is the remainder when 835 is divided by 273?
16
Calculate the remainder when 604593 is divided by 27481.
11
What is the remainder when 136930 is divided by 68459?
12
What is the remainder when 227779 is divided by 5?
4
What is the remainder when 866815 is divided by 145?
5
What is the remainder when 30138 is divided by 140?
38
What is the remainder when 356554 is divided by 186?
178
Calculate the remainder when 166840 is divided by 46.
44
Calculate the remainder when 4015893 is divided by 13.
11
Calculate the remainder when 24579 is divided by 953.
754
What is the remainder when 4374 is divided by 230?
4
What is the remainder when 2187 is divided by 690?
117
Calculate the remainder when 116358 is divided by 29086.
14
What is the remainder when 7465 is divided by 213?
10
What is the remainder when 906 is divided by 713?
193
What is the remainder when 14725 is divided by 254?
247
Calculate the remainder when 2890 is divided by 591.
526
What is the remainder when 792041 is divided by 188?
185
Calculate the remainder when 4319 is divided by 1547.
1225
What is the remainder when 9502 is divided by 2372?
14
Calculate the remainder when 6641 is divided by 2101.
338
Calculate the remainder when 101815 is divided by 1921.
2
What is the remainder when 953118 is divided by 230?
228
Calculate the remainder when 26732 is divided by 8860.
152
Calculate the remainder when 2516 is divided by 101.
92
Calculate the remainder when 155746 is divided by 52.
6
What is the remainder when 3835 is divided by 212?
19
Calculate the remainder when 6717 is divided by 120.
117
Calculate the remainder when 463451 is divided by 86.
83
Calculate the remainder when 7952157 is divided by 20.
17
What is the remainder when 6604 is divided by 403?
156
Calculate the remainder when 79871 is divided by 86.
63
Calculate the remainder when 16957 is divided by 363.
259
Calculate the remainder when 3149 is divided by 221.
55
Calculate the remainder when 1785 is divided by 1732.
53
Calculate the remainder when 164073 is divided by 44.
41
What is the remainder when 486120 is divided by 6569?
14
What is the remainder when 3101 is divided by 189?
77
What is the remainder when 22930 is divided by 11462?
6
Calculate the remainder when 11023 is divided by 148.
71
Calculate the remainder when 1322 is divided by 501.
320
Calculate the remainder when 181027 is divided by 167.
166
What is the remainder when 16450 is divided by 249?
16
Calculate the remainder when 7053 is divided by 371.
4
What is the remainder when 8713 is divided by 520?
393
What is the remainder when 1889198 is divided by 100?
98
Calculate the remainder when 7733 is divided by 172.
165
Calculate the remainder when 6766 is divided by 943.
165
What is the remainder when 424015 is divided by 37?
32
What is the remainder when 128154 is divided by 161?
159
What is the remainder when 2314 is divided by 97?
83
What is the remainder when 38796 is divided by 579?
3
What is the remainder when 2030 is divided by 380?
130
Calculate the remainder when 312 is divided by 224.
88
What is the remainder when 2454 is divided by 781?
111
What is the remainder when 7459 is divided by 91?
88
What is the remainder when 6389 is divided by 5?
4
Calculate the remainder when 11247 is divided by 1591.
110
What is the remainder when 12165 is divided by 17?
10
Calculate the remainder when 27443 is divided by 146.
141
Calculate the remainder when 7475 is divided by 2192.
899
What is the remainder when 6610 is divided by 75?
10
What is the remainder when 65036 is divided by 644?
636
What is the remainder when 11116 is divided by 56?
28
Calculate the remainder when 4565 is divided by 506.
11
Calculate the remainder when 499509 is divided by 55.
54
What is the remainder when 121530 is divided by 21?
3
What is the remainder when 4315 is divided by 4054?
261
What is the remainder when 13257 is divided by 4419?
0
What is the remainder when 231896 is divided by 125?
21
What is the remainder when 10421 is divided by 1736?
5
Calculate the remainder when 60957 is divided by 248.
197
Calculate the remainder when 5231 is divided by 5218.
13
What is the remainder when 5376 is divided by 38?
18
Calculate the remainder when 3523 is divided by 233.
28
Calculate the remainder when 3375 is divided by 836.
31
What is the remainder when 255975 is divided by 61?
19
Calculate the remainder when 35876 is divided by 29.
3
Calculate the remainder when 1741 is divided by 407.
113
Calculate the remainder when 338540 is divided by 84632.
12
What is the remainder when 93976 is divided by 390?
376
Calculate the remainder when 10579 is divided by 2465.
719
What is the remainder when 60165 is divided by 55?
50
What is the remainder when 7554 is divided by 2426?
276
What is the remainder when 20291 is divided by 146?
143
What is the remainder when 27531 is divided by 67?
61
Calculate the remainder when 146403 is divided by 445.
443
What is the remainder when 471 is divided by 97?
83
Calculate the remainder when 5906 is divided by 11.
10
Calculate the remainder when 613 is divided by 299.
15
What is the remainder when 33361 is divided by 33350?
11
What is the remainder when 13075 is divided by 13015?
60
Calculate the remainder when 1944 is divided by 110.
74
What is the remainder when 1982145 is divided by 145?
140
What is the remainder when 57110 is divided by 120?
110
Calculate the remainder when 98298 is divided by 553.
417
Calculate the remainder when 151260 is divided by 3025.
10
What is the remainder when 6482 is divided by 332?
174
Calculate the remainder when 13472 is divided by 3366.
8
Calculate the remainder when 1324 is divided by 290.
164
What is the remainder when 5771 is divided by 85?
76
Calculate the remainder when 94615 is divided by 9460.
15
Calculate the remainder when 8139 is divided by 983.
275
Calculate the remainder when 20586 is divided by 389.
358
What is the remainder when 1873 is divided by 609?
46
Calculate the remainder when 13248 is divided by 510.
498
Calculate the remainder when 903728 is divided by 39292.
12
Calculate the remainder when 416224 is divided by 41621.
14
What is the remainder when 229897 is divided by 839?
11
What is the remainder when 3931 is divided by 1960?
11
Calculate the remainder when 1482 is divided by 8.
2
What is the remainder when 16667 is divided by 179?
20
Calculate the remainder when 3721 is divided by 1196.
133
Calculate the remainder when 26054 is divided by 26043.
11
Calculate the remainder when 173290 is divide